rime factors of 929260934.
2, 7, 66375781
What are the prime factors of 335504395?
5, 5867, 11437
List the prime factors of 88673057.
11, 19, 424273
What are the prime factors of 270258559?
270258559
List the prime factors of 1207099875.
3, 5, 17, 189349
List the prime factors of 24133174.
2, 13, 41, 22639
List the prime factors of 1227408423.
3, 1021, 400721
List the prime factors of 863452083.
3, 13, 17, 31, 43, 977
List the prime factors of 196615547.
31, 2203, 2879
List the prime factors of 5093620295.
5, 193, 401, 13163
What are the prime factors of 415043124?
2, 3, 113, 307, 997
List the prime factors of 33221539.
13, 71, 35993
What are the prime factors of 175313908?
2, 7, 11, 569201
What are the prime factors of 17186018?
2, 61, 140869
What are the prime factors of 332053770?
2, 3, 5, 29, 59, 6469
List the prime factors of 3265723972.
2, 7, 179, 93083
What are the prime factors of 88165337?
13, 97, 139, 503
List the prime factors of 296218350.
2, 3, 5, 59, 3719
List the prime factors of 266850561.
3, 43, 83, 24923
List the prime factors of 3006424330.
2, 5, 7, 13, 17, 31, 6269
List the prime factors of 2079366401.
7, 1607, 26407
What are the prime factors of 440284623?
3, 146761541
What are the prime factors of 14573946?
2, 3, 2428991
List the prime factors of 135746282.
2, 7, 151, 157, 409
What are the prime factors of 186744877?
11, 73, 313, 743
What are the prime factors of 28107578?
2, 271, 51859
List the prime factors of 2062003142.
2, 131, 7870241
List the prime factors of 1264645995.
3, 5, 199, 423667
What are the prime factors of 54325975?
5, 11, 17959
What are the prime factors of 136789437?
3, 163, 467, 599
What are the prime factors of 63880461?
3, 211, 11213
List the prime factors of 552945900.
2, 3, 5, 13, 29, 4889
List the prime factors of 431056903.
41, 10513583
What are the prime factors of 90516372?
2, 3, 229, 32939
What are the prime factors of 580819847?
967, 600641
List the prime factors of 1842077519.
1842077519
What are the prime factors of 4359397366?
2, 467, 4667449
What are the prime factors of 4652462444?
2, 7, 166159373
What are the prime factors of 378529634?
2, 7, 29, 47, 83, 239
What are the prime factors of 61758668?
2, 15439667
What are the prime factors of 24906980?
2, 5, 7, 177907
What are the prime factors of 653113383?
3, 13, 2917, 5741
What are the prime factors of 47368628?
2, 43, 275399
What are the prime factors of 15338822?
2, 7669411
What are the prime factors of 82371286?
2, 5479, 7517
List the prime factors of 327887276.
2, 331, 247649
What are the prime factors of 8922632674?
2, 19, 67, 2753
List the prime factors of 5304258421.
7, 11, 43, 1602011
List the prime factors of 3707044.
2, 11, 173, 487
What are the prime factors of 78355963?
7, 23, 486683
List the prime factors of 1354801185.
3, 5, 30106693
What are the prime factors of 315432805?
5, 257, 245473
What are the prime factors of 282857848?
2, 7, 13, 388541
List the prime factors of 116551046.
2, 58275523
List the prime factors of 360252031.
61, 5905771
What are the prime factors of 39847658?
2, 457, 43597
What are the prime factors of 204763685?
5, 7, 5850391
What are the prime factors of 26687826?
2, 3, 11, 179, 251
List the prime factors of 2527328305.
5, 505465661
List the prime factors of 49937642.
2, 37, 674833
List the prime factors of 1436798.
2, 11, 65309
What are the prime factors of 105672773?
2671, 39563
What are the prime factors of 415415174?
2, 43, 4830409
List the prime factors of 4755866452.
2, 233, 5102861
List the prime factors of 549742388.
2, 13, 269, 39301
List the prime factors of 102663037.
139, 738583
List the prime factors of 17577621.
3, 179, 3637
What are the prime factors of 60838012?
2, 97, 156799
List the prime factors of 16497264.
2, 3, 7, 37, 1327
What are the prime factors of 1505675907?
3, 17, 9841019
List the prime factors of 369638040.
2, 3, 5, 61, 50497
List the prime factors of 356770555.
5, 631, 113081
List the prime factors of 14659494.
2, 3, 59, 41411
What are the prime factors of 59363459?
163, 364193
List the prime factors of 218097950.
2, 5, 7, 139, 4483
List the prime factors of 215696778.
2, 3, 11, 19, 823
What are the prime factors of 1227797846?
2, 11, 149, 374557
List the prime factors of 2917738.
2, 199, 7331
List the prime factors of 6946076.
2, 1736519
What are the prime factors of 852985903?
7, 11, 29, 381991
What are the prime factors of 425293234?
2, 4583, 46399
List the prime factors of 1555000644.
2, 3, 129583387
List the prime factors of 73408166.
2, 13, 211, 13381
What are the prime factors of 383584915?
5, 7, 23, 83, 5741
What are the prime factors of 37543327?
17, 2208431
What are the prime factors of 205312042?
2, 13, 599, 13183
List the prime factors of 12988389.
3, 4329463
List the prime factors of 6358324616.
2, 7, 19, 5975869
What are the prime factors of 307144428?
2, 3, 149, 283, 607
What are the prime factors of 3798116581?
7, 53, 10237511
What are the prime factors of 400498414?
2, 41, 4884127
What are the prime factors of 130566286?
2, 1483, 44021
List the prime factors of 3036812896.
2, 13, 673, 10847
What are the prime factors of 260878011?
3, 997, 87221
List the prime factors of 473607528.
2, 3, 19, 79, 13147
What are the prime factors of 1626373537?
971, 1674947
List the prime factors of 385856181.
3, 353, 121453
List the prime factors of 40827480.
2, 3, 5, 397, 857
What are the prime factors of 287726557?
19, 2333, 6491
List the prime factors of 228919880.
2, 5, 7, 79, 131
List the prime factors of 22797643.
11, 127, 16319
What are the prime factors of 282365420?
2, 5, 409, 34519
What are the prime factors of 61395453?
3, 7, 974531
What are the prime factors of 785457597?
3, 97, 109, 24763
What are the prime factors of 465536579?
31, 15017309
What are the prime factors of 59465352?
2, 3, 263, 9421
List the prime factors of 830489956.
2, 207622489
List the prime factors of 73732718.
2, 83, 444173
List the prime factors of 4258486219.
13, 327575863
List the prime factors of 3422021.
73, 46877
List the prime factors of 1828678000.
2, 5, 914339
List the prime factors of 738654250.
2, 5, 17, 151, 1151
What are the prime factors of 3661055434?
2, 17, 307, 359, 977
List the prime factors of 697965410.
2, 5, 37, 73, 25841
List the prime factors of 125568602.
2, 37, 199, 8527
List the prime factors of 790055951.
127, 211, 29483
List the prime factors of 311521335.
3, 5, 29, 733, 977
List the prime factors of 1513119890.
2, 5, 337, 448997
What are the prime factors of 6515465?
5, 11, 118463
List the prime factors of 1507345271.
31, 163, 298307
List the prime factors of 1834876535.
5, 73, 5027059
List the prime factors of 1223109103.
1901, 643403
What are the prime factors of 62107851?
3, 13, 17, 113, 829
List the prime factors of 197612101.
79, 503, 4973
List the prime factors of 55305922.
2, 7, 19, 31, 353
What are the prime factors of 72388637?
6047, 11971
What are the prime factors of 2471369935?
5, 379, 661, 1973
What are the prime factors of 238118917?
157, 1516681
List the prime factors of 386162786.
2, 17, 107, 179, 593
What are the prime factors of 320874174?
2, 3, 1303, 13681
List the prime factors of 93200392.
2, 17, 685297
What are the prime factors of 372078900?
2, 3, 5, 19, 7253
What are the prime factors of 4226366885?
5, 13, 79, 823051
List the prime factors of 115617489.
3, 13, 19, 37, 4217
What are the prime factors of 58133453?
7, 1186397
What are the prime factors of 35531996?
2, 8882999
List the prime factors of 116751776.
2, 3648493
What are the prime factors of 220774055?
5, 44154811
What are the prime factors of 53542418?
2, 17, 19, 82883
List the prime factors of 1859299936.
2, 13, 1831, 2441
List the prime factors of 14831271.
3, 7, 13, 199
List the prime factors of 645121445.
5, 103, 1252663
List the prime factors of 136380279.
3, 7, 71, 73, 179
What are the prime factors of 537844047?
3, 13, 283, 48731
List the prime factors of 84400553.
109, 774317
List the prime factors of 13198824.
2, 3, 183317
What are the prime factors of 126375163?
126375163
What are the prime factors of 13617013?
67, 167, 1217
What are the prime factors of 214757590?
2, 5, 41, 53, 9883
What are the prime factors of 143663023?
7, 20523289
List the prime factors of 